= -5*u + 28. Suppose q - 50 = u. Calculate the remainder when q is divided by (1*4)/((-508)/(-2540)).
17
Let a(r) = r**2 - 14*r + 23. Let u be a(14). Suppose 15 = -20*n + u*n. Suppose n*q = 4*i - 55, q = i - q - 16. What is the remainder when 30 is divided by i?
0
Let f(b) = 5*b**3 + 2*b**2 - 2*b - 4. Suppose -5*l = 5*h, 5*l - 6 = -16. What is the remainder when 123 is divided by f(h)?
3
Suppose -3*k + 220 = k. Calculate the remainder when k is divided by 6 + 891/33 + 2.
20
Suppose 5*w = -4*m + 71 + 41, w = m - 37. Calculate the remainder when 856 is divided by m.
31
Suppose 482 + 241 = -9*f + 12*f. What is the remainder when 496 is divided by f?
14
Let y(j) = 3730*j - 22240. Suppose 284 = -0*f + 4*f. Calculate the remainder when y(6) is divided by f.
69
Suppose 19*d = 362*d - 3430. Suppose 9*b + 4*i - 99 = 4*b, -i = 2*b - 42. What is the remainder when b is divided by d?
3
Let p(t) = t**3 + 23*t**2 - 47*t - 2115. What is the remainder when 97 is divided by p(-20)?
22
Let n(i) = -51*i**3 - i**2 - 2*i - 2. Suppose 2*t = 5 - 7. Let x = -17 - -35. What is the remainder when n(t) is divided by x?
14
Suppose -g + 4*x + 34 = 0, -3*x + 7*x = -4*g + 36. Let u be (g/21)/((-4)/(-30)). Let d(a) = 42*a - 33. What is the remainder when d(u) is divided by 45?
42
Calculate the remainder when (-4)/26 + (-72)/3*(-1529)/572 is divided by 41.
23
Let t be 2617 - ((-105)/(-28) + (-2)/(-8)). Let n be (-2)/(-10) - t/15. Let m = -17 - n. What is the remainder when m is divided by 32?
29
Let y = 48494 - 45960. What is the remainder when y is divided by 840?
14
Let b(n) = -n**2 + 31*n + 4. Let s be b(19). Let a = -215 + s. Suppose 5*i = 3*i + 26. Calculate the remainder when a is divided by i.
4
Suppose 4*p = -6*x + 42, 17*p = 15*p + 12. Let h(q) = -q**3 - 2*q**2 + 1. Calculate the remainder when x is divided by h(-2).
0
Let c(s) = -s**3 - 18*s**2 + 2*s + 50. Calculate the remainder when ((-327)/2)/(24/(-16)) is divided by c(-18).
11
Let k = 79 + -79. Suppose 370 = 5*d + 5*s, k = 3*d + 2*s - 21 - 204. Calculate the remainder when 224 is divided by d.
70
Let v be -1*-2*395/10. Suppose 0 = 2*f - v - 17. What is the remainder when f is divided by 10?
8
Let s(v) = -3*v + 52. Let k(q) = -2*q + 26. Let l(c) = -5*k(c) + 3*s(c). Let i(y) = 10*y - 53. Calculate the remainder when i(8) is divided by l(-12).
13
Let h = -23108 - -23119. Calculate the remainder when 609 is divided by h.
4
Suppose -48*i - 24154 = -61*i. What is the remainder when i is divided by 13?
12
Suppose -10*x + 70*x = 960. Calculate the remainder when 1961 is divided by x.
9
Let y = 2089 - 1931. What is the remainder when y is divided by 51?
5
Suppose -5*k - 31 = -3*z - 19, 3*z - 12 = k. Suppose 0 = -2*c + 5*x + 173 - 13, -z*c = 5*x - 260. What is the remainder when c is divided by 9?
7
Suppose q + q - 46 = 0. Let t(g) = 2*g**2 - 6*g - 36. Suppose -5*l + 10*l + 25 = 0. Calculate the remainder when t(l) is divided by q.
21
Let j(l) = 4*l - 1. Calculate the remainder when (-20856)/(-198) + ((-8)/6)/4 is divided by j(5).
10
Suppose 0 = 3*o - 78 + 63. Suppose -3*a - 3*l = -l - 6, 2*a - 4 = o*l. What is the remainder when 36 is divided by a?
0
Let y be (-1)/(((-3)/(-15))/(-10 - -9)). Calculate the remainder when 23 is divided by (-1)/((10/(-6))/y).
2
Let r = -421 + 775. Let k = r - 249. Calculate the remainder when k is divided by (-1)/((-9)/(-6))*(-729)/18.
24
Suppose 3*m - 4 - 5 = 0. Calculate the remainder when 303 is divided by m.
0
Let m = 18489 + -18459. Calculate the remainder when 401 is divided by m.
11
Suppose -194*o = -277*o + 249. Calculate the remainder when 177 is divided by o.
0
Suppose -4*j + 396 = 2*q - 62, 571 = 5*j + q. What is the remainder when 427 is divided by j?
85
Let s(t) = -t + 12. What is the remainder when ((-71)/2)/(122/(-488)) is divided by s(-10)?
10
Suppose -11*f + 15*f + 3157 = 11*f. What is the remainder when f is divided by 92?
83
Let q = -468 - -521. Suppose -o + 4*x = x - 13, 5*o - 3*x = q. What is the remainder when 237 is divided by o?
7
Let a(f) = f - 195. Let p be a(-11). Let r = p - -284. What is the remainder when 245 is divided by r?
11
Suppose 40920 = -83*b + 200031. Calculate the remainder when b is divided by 12.
9
Suppose -8*t + 5 = -27. Suppose -3*y - 5*u + 20 + 19 = 0, -y - t*u = -13. What is the remainder when y is divided by 7?
6
Suppose 8*k + 782 - 2814 = 0. Suppose 3*f + k = 4*l + 57, -3*l = -f - 144. What is the remainder when l is divided by 22?
3
Suppose -3*a + 170 = -64. Calculate the remainder when 8/4 + (a - 5) is divided by 7.
5
Let l = -3126 + 3208. Calculate the remainder when 2539 is divided by l.
79
Let z(h) = -2*h**2 + 138*h - 384. Calculate the remainder when 463 is divided by z(66).
7
Let p(m) = 58*m + 64*m - 113*m + 6 + m**2. What is the remainder when 83 is divided by p(-11)?
27
Let c = 29 + 166. Let y(u) = -u**3 - 12*u**2 - 11*u + 1. Let w be y(-11). What is the remainder when 28 is divided by w - (-1 - 0) - c/(-13)?
11
Suppose -9*y - 2625 = -82817 - 5164. Calculate the remainder when y is divided by 53.
50
Suppose 27*k - 23*k - 2*p - 6800 = 0, -5*k + 8506 = -4*p. What is the remainder when k is divided by 23?
19
Let b(h) be the third derivative of h**6/120 - 13*h**5/60 + 11*h**4/12 + 8*h**3/3 + 66*h**2. What is the remainder when 35 is divided by b(11)?
3
Let k = -28 + 73. Let b = -518 - -616. What is the remainder when b is divided by k?
8
Suppose 3*g - 23 = -7*n, 0*g = n + 2*g + 3. Suppose n*o = -10*o + 960. Suppose -14 + 179 = 5*a. What is the remainder when o is divided by a?
31
Suppose 155*h - 1776 - 6006 = 1518. Calculate the remainder when 108 is divided by h.
48
Let i be 1233/(-2) + 14*(-13)/(-364). Let g = -593 - i. Calculate the remainder when g is divided by -5*(6/(-10) + -1).
7
Calculate the remainder when 756 is divided by (150/30)/((-25)/(-465)).
12
Let z = 8203 + -8072. Calculate the remainder when 346 is divided by z.
84
Let p(c) = -c**3 + 25*c**2 - 10*c + 6. Let h be p(24). Suppose -h = -10*l - 72. What is the remainder when (-9)/(-6)*6/l*147 is divided by 13?
10
Suppose 13*x - 214 = 12*x. What is the remainder when x is divided by 29?
11
Let o be 8/(-44) + (-9)/(495/(-175)). Suppose 2*v - o*x = -4*x + 579, -2*v + 599 = 5*x. Calculate the remainder when v is divided by 17.
15
Suppose -55014 = -136*w + 166530. Calculate the remainder when w is divided by 34.
31
Let i(q) = 2*q**3 - 11*q**2 - 6*q + 6. Suppose h + 9*h - 1030 = 0. Calculate the remainder when h is divided by i(6).
1
Let k be (-2)/6 - (-21)/(567/(-4878)). Let r = 214 + k. What is the remainder when 294 is divided by r?
30
Suppose -625 = -706*k + 681*k. Calculate the remainder when -146*(2/4 + -1) is divided by k.
23
Let f = -348 - -657. Calculate the remainder when f is divided by 655/25 + 2 + (-44)/20.
23
Suppose 3*v - 4*p = 31, -210*p + 206*p + 47 = 3*v. What is the remainder when 172 is divided by v?
3
Let o(a) = -3*a**3 - 14*a**2 + 5*a - 37. Suppose -5*z + 10 + 5 = 0, -213 = -4*d - 3*z. Let p = 90 - d. What is the remainder when o(-6) is divided by p?
38
Let x(a) = 3*a + 191. Let g be (2 - (-3)/(-2))*0. Suppose 3*j + g*j - 75 = 0. Calculate the remainder when x(-23) is divided by j.
22
Suppose 5*t - 26 = 4. Suppose -10*c = -25*c + 150. Calculate the remainder when 21/(-7) - c*-2 is divided by t.
5
Suppose 0 = -14*i + 18*i - 2*s - 3094, -4*i - 5*s + 3087 = 0. Calculate the remainder when i is divided by 129.
128
Let u = 390 - -1038. Suppose -5*q - 131 = -2*o - u, -257 = -q + o. Calculate the remainder when q is divided by 66.
63
Let v(t) = t + 14. Suppose -3*k + 12*k + 54 = 0. Let a be v(k). What is the remainder when (345/30)/(10/a + -1) is divided by 25?
21
Suppose -22*w + 17*w - 456 = -4*q, 0 = -3*q - w + 361. What is the remainder when q is divided by 2 + -3 + 0 - -31?
29
Let t = -2647 + 8268. What is the remainder when t is divided by 38?
35
Let z = 3016 - 2898. Calculate the remainder when z is divided by 26.
14
Suppose 4*o = -20, 2*p - p + 30 = -5*o. What is the remainder when 131 is divided by (282/p)/(-3) - 97/(-485)?
17
Calculate the remainder when (-2)/(-10) - (-1047552)/1240 is divided by 41.
25
Suppose 10*o + 83 = 293. What is the remainder when 80 is divided by o?
17
What is the remainder when ((-54420)/(-38) - -2) + 1470/(-13965) is divided b